- 10*z + 170. Give w(-11).
-567
Let l(y) = 351*y - 1635. Determine l(5).
120
Let m(l) = 128*l**3 + 2*l**2 + 52*l + 51. Determine m(-1).
-127
Let o(l) = l**3 + 6*l**2 - 256*l + 1158. Give o(8).
6
Let x(w) = -10*w**2 - 58*w - 38. Calculate x(-5).
2
Let j(v) = 2*v**3 + 35*v**2 + 13*v - 80. Give j(-16).
480
Let r(p) = 120*p - 4688. Calculate r(39).
-8
Let v(j) = 2*j**2 + 42*j + 80. Determine v(-19).
4
Let y(o) = -29*o**2 + 351*o + 707. Give y(-2).
-111
Let t(b) = -b**3 + 8*b**2 + 17*b + 30. Give t(10).
0
Let b(g) = -5*g - 67. Determine b(-1).
-62
Let r(i) = i**3 + 96*i**2 - 97*i + 21. What is r(-97)?
21
Let q(u) = -163*u + 5088. Calculate q(31).
35
Let v(c) = -3*c**3 - 14*c**2 + 24*c - 6. What is v(3)?
-141
Let t(u) = -u**3 - 62*u**2 + 1444*u + 323. Calculate t(-80).
3
Let k(a) = 63*a - 456. Give k(0).
-456
Let k(r) = -r**2 - 17*r - 11. Calculate k(-13).
41
Let q(a) = 31*a - 6200. Give q(199).
-31
Let i(s) = 35*s**2 + 6*s + 10. Give i(-2).
138
Let m(y) = -y**3 - 10*y**2 + 7*y + 38. Calculate m(-6).
-148
Let l(s) = -4*s + 205. What is l(-20)?
285
Let o(b) = -2*b**3 + 41*b**2 - 38*b + 351. Calculate o(20).
-9
Let c(x) = -x**2 + 30*x - 167. What is c(10)?
33
Let i(g) = 617*g + 7400. Give i(-12).
-4
Let f(q) = -4*q + 103. Give f(4).
87
Let h(v) = -5970*v + 29832. Determine h(5).
-18
Let y(c) = 25*c - 571. Determine y(37).
354
Let d(x) = 13*x**2 + 142*x + 88. Calculate d(-12).
256
Let u(r) = -36*r + 793. Determine u(22).
1
Let f(o) = -4*o**2 + 130*o + 1195. What is f(40)?
-5
Let j(t) = 7*t + 172. Calculate j(-11).
95
Let u(g) = g**2 - 47*g - 2880. Determine u(-35).
-10
Let i(y) = -2*y**2 - 94*y - 593. Give i(-39).
31
Let m(j) = -29*j + 126. Determine m(5).
-19
Let f(c) = c**3 - 24*c**2 - 23*c - 66. Calculate f(25).
-16
Let f(c) = -2*c**2 + 10*c + 10203. Calculate f(-69).
-9
Let u(l) = -2*l**3 + l**2 + 145*l - 146. Calculate u(1).
-2
Let m(t) = t**3 - 6*t**2 - 74*t + 114. Give m(-7).
-5
Let q(i) = -2*i**3 - 30*i**2 - 11*i - 16. What is q(-15)?
149
Let n(s) = 237*s**2 + 1442*s + 84. Determine n(-6).
-36
Let w(i) = 8*i**3 + 11*i - 41. What is w(3)?
208
Let o(q) = -27*q - 82. Calculate o(3).
-163
Let c(u) = -12*u - 1367. What is c(-116)?
25
Let z(r) = 4*r**2 - 224*r - 65. What is z(56)?
-65
Let v(y) = -42*y - 25. What is v(5)?
-235
Let u(h) = 1549*h + 9298. What is u(-6)?
4
Let l(s) = -s**3 + 17*s**2 + 20*s + 14. Calculate l(18).
50
Let f(s) = 19*s**2 + 5*s - 31. Give f(-2).
35
Let y(w) = -w**2 + 60*w + 1218. Give y(-16).
2
Let r(w) = -3*w**3 - 5*w**2 + 54*w + 56. Give r(-1).
0
Let g(o) = 39*o**3 + 5*o - 2. What is g(-2)?
-324
Let c(n) = -155*n + 2423. Give c(16).
-57
Let v(o) = -o**2 + 14*o + 316. What is v(27)?
-35
Let c(n) = -28*n**3 - 45*n**2 - 6*n - 11. What is c(-2)?
45
Let l(g) = -3*g**2 + 299*g + 3405. Determine l(110).
-5
Let j(c) = -c**3 - 23*c**2 + 10*c + 223. Determine j(-23).
-7
Let h(o) = -11*o - 32. Give h(-9).
67
Let r(s) = -s**3 + 23*s**2 - 35*s + 136. Determine r(22).
-150
Let h(r) = r**2 + 35*r + 121. What is h(-23)?
-155
Let x(b) = b**3 - 5*b**2 - 4*b + 20. Calculate x(3).
-10
Let a(t) = -19*t + 665. What is a(34)?
19
Let f(h) = -30*h + 938. Determine f(31).
8
Let d(c) = -6268*c - 6247. What is d(-1)?
21
Let n(k) = -2*k**2 + 389*k + 1155. Determine n(-3).
-30
Let m(q) = -96*q - 4613. Give m(-48).
-5
Let d(x) = -2216*x - 35460. Calculate d(-16).
-4
Let a(g) = 4*g**3 + 109*g**2 + 42*g + 412. Give a(-27).
7
Let x(y) = 3*y - 34. What is x(-34)?
-136
Let u(j) = -2*j**3 + 36*j**2 - 40*j + 65. What is u(17)?
-37
Let y(c) = -5*c**2 - 80*c - 111. Calculate y(-15).
-36
Let p(i) = 93*i - 111. Calculate p(1).
-18
Let c(m) = -m**2 + 10*m - 236. Determine c(28).
-740
Let a(o) = o**2 - 10*o + 7. Determine a(8).
-9
Let r(q) = -q**2 + 100*q - 1873. Determine r(75).
2
Let x(g) = g**2 + 211. Give x(0).
211
Let l(y) = -y**3 - 34*y**2 - 236*y - 35. Determine l(-24).
-131
Let c(f) = -f**2 - 25*f - 95. Determine c(-19).
19
Let u(s) = -201*s - 995. Determine u(-5).
10
Let b(z) = -5*z**2 + 11*z - 48. Give b(6).
-162
Let j(q) = q**3 + 37*q**2 + 303*q + 27. Calculate j(-10).
-303
Let z(h) = -443*h - 836. Give z(-2).
50
Let v(h) = 62*h + 689. Determine v(-15).
-241
Let j(u) = 53*u + 270. Give j(-5).
5
Let y(z) = 8*z + 50. Give y(6).
98
Let k(q) = 3*q**2 + 103*q - 318. Determine k(3).
18
Let g(u) = u**3 - 99*u**2 - 1025*u + 5721. Calculate g(108).
-3
Let n(d) = -13*d**2 - 857*d + 69. Give n(-66).
3
Let d(u) = -8*u**2 + 1951*u - 5775. What is d(3)?
6
Let u(o) = -o**3 - 120*o**2 - 18*o - 2153. Determine u(-120).
7
Let b(r) = -r**3 + 32*r**2 - 219*r + 21. Calculate b(10).
31
Let g(j) = -j**3 - 3*j**2 - 20*j - 53. Give g(-3).
7
Let i(b) = b**3 + 4*b**2 + 3*b - 1. Give i(-4).
-13
Let y(g) = g**2 + 43*g + 78. Calculate y(-36).
-174
Let w(i) = i**2 + 37*i - 319. Determine w(-42).
-109
Let t(l) = -11*l + 2. Calculate t(34).
-372
Let a(s) = -s**2 - 17*s - 97. What is a(-5)?
-37
Let m(g) = -180*g + 3626. Give m(20).
26
Let n(w) = 24*w - 7. Give n(11).
257
Let w(x) = 3997*x - 3996. Calculate w(1).
1
Let v(u) = -20*u**2 + 49*u - 13. Calculate v(2).
5
Let n(c) = 2*c**2 - 53*c - 17. Calculate n(27).
10
Let k(v) = 84*v + 35. Give k(3).
287
Let c(m) = -m**2 + 1828*m + 42580. Give c(-23).
7
Let z(n) = n**3 + 18*n**2 + 25*n + 141. Calculate z(-17).
5
Let k(i) = 10*i**2 - 51*i + 40. Give k(10).
530
Let f(q) = -q**3 + 27*q**2 + 122*q - 13. What is f(31)?
-75
Let l(n) = -n**3 + 77*n**2 - 297*n + 349. Determine l(73).
-16
Let k(q) = -2*q**3 + 20*q**2 - 29*q + 110. Calculate k(9).
11
Let y(i) = -36*i**3 - 20*i**2 + 14*i + 2. Determine y(1).
-40
Let s(d) = -134*d + 1458. Give s(11).
-16
Let w(i) = -152*i - 347. Calculate w(-4).
261
Let z(r) = -8*r**2 + 29*r - 219. What is z(13)?
-1194
Let f(j) = j**2 + 25*j - 54. Give f(-24).
-78
Let u(p) = -6*p + 337. What is u(-25)?
487
Let z(b) = -14*b**2 - 70*b + 146. What is z(2)?
-50
Let h(n) = -3*n**2 + 113*n - 390. Calculate h(34).
-16
Let w(y) = -36*y + 2766. Calculate w(76).
30
Let m(y) = -17*y**3 + 6*y**2 + 4*y - 7. Give m(-3).
494
Let w(c) = -24*c - 121. What is w(-5)?
-1
Let m(x) = -28*x**2 + 3006*x - 1071. Calculate m(107).
-1
Let v(o) = o**3 - 13*o**2 + 59*o - 5. Determine v(4).
87
Let s(n) = 12*n**2 + 573*n - 2656. What is s(-52)?
-4
Let x(s) = 14*s**3 + 14*s**2 - 9*s - 44. What is x(-4)?
-680
Let d(z) = z**3 + 33*z**2 - 23*z + 261. Calculate d(-34).
-113
Let l(i) = -30*i - 268. Give l(-10).
32
Let z(h) = -250*h + 2340. Give z(9).
90
Let r(n) = 11*n - 75. What is r(-12)?
-207
Let s(v) = -28*v**2 - 824*v + 1659. Give s(2).
-101
Let j(x) = x**3 - 30*x**2 + 14*x + 290. What is j(29)?
-145
Let p(d) = 306*d + 5240. Give p(-17).
38
Let m(z) = -103*z - 8208. Calculate m(-79).
-71
Let y(p) = -339*p - 5759. Give y(-17).
4
Let c(s) = 9*s - 1325. Calculate c(74).
-659
Let s(y) = -3*y**2 - 93*y - 660. Give s(-20).
0
Let o(i) = -6*i**2 + 362*i + 207. Give o(61).
-37
Let c(m) = m**3 - 7*m**2 + m + 85. What is c(0)?
85
Let d(g) = -6*g**2 + 234*g + 6. Give d(39).
6
Let q(j) = j**3 + 69*j**2 + 102*j + 2311. Calculate q(-68).
-1
Let p(q) = 3*q**2 - 14*q - 41. Give p(6).
-17
Let s(a) = 1870*a + 67306. Calculate s(-36).
-14
Let l(n) = -n**3 - 26*n**2 + 614*n + 16. Determine l(15).
1
Let s(q) = -q**3 + 259*q + 1. Give s(-16).
-47
Let o(w) = w**3 + 70*w**2 - 150*w - 432. Give o(-72).
0
Let v(q) = -23*q**3 + 28*q - 28. Give v(1).
-23
Let o(a) = 7*a**2 + 796*a + 560. Calculate o(-113).
-5
Let a(z) = 306*z + 112. Give a(1).
418
Let d(x) = x**2 - 383*x + 2350. Calculate d(6).
88
Let u(b) = -755*b - 27191. Give u(-36).
-11
Let g(u) = -u**3 - 100*u**2 + 207*u + 285. What is g(-102)?
-21
Let j(h) = 6337*h - 31684. Calculate j(5).
1
Let m(l) = 16*l - 38. Determine m(32).
474
Let y(c) = 6*c**2 - 19*c - 14. What is y(5)?
41
Let g(n) = -3*n**2 + 220*n - 2534. What is g(59)?
3
Let x(g) = g**3 - 179*g**2 - 2916*g - 79. What is x(-15)?
11
Let y(p) = 22*p - 331. Determine y(15).
-1
Let q(w) = -260*w + 3402. Calculate q(13).
22
Let u(n) = -n**2 + 36*n - 182. Calculate u(31).
-27
Let j(c) = 10*c**3 + 33*c**2 - 10*c - 7. What is j(-4)?
-79
Let f(y) = y**3 - 16*y**2 - 9*y + 30. Determine f(16).
-114
Let u(q) = 535*q + 1085. What is u(-2)?
15
Let s(f) = f**2 + 22*f - 123. What is s(-26)?
-19
Let z(o) = o**2 - 49*o + 552. Give z(19).
-18
Let k(a) = -a**3 - 18*a**2 - 74*a - 980